at is the units digit of f?
0
Let q be (330/77)/((-2)/(-42)). Let b be (-504)/q*10/(-2). Suppose -27*x = -b*x + 35. What is the tens digit of x?
3
Suppose -2*y - 4 = 2*c, -6 = 2*y - 4*y. Let l(d) = -d - 2. Let s be l(c). Suppose -3*f + 3*w = -w - 191, 0 = s*w - 12. What is the units digit of f?
9
Let r(s) = -6*s**3 + 56*s**2 + 136*s + 302. Let v(l) = l**3 - 11*l**2 - 27*l - 60. Let t(h) = 2*r(h) + 11*v(h). What is the units digit of t(-8)?
0
Let s = -23549 + 33237. What is the hundreds digit of s?
6
Suppose -5*w + 4*x + 14314 = 0, 375*w - 379*w + 4*x + 11452 = 0. What is the hundreds digit of w?
8
Let a = 509 - -3101. What is the units digit of a?
0
Let o(g) = -g**3 - 4*g - 17. Let t be o(-7). Let d = t - 55. What is the tens digit of d?
9
Suppose -165158 = -2*f + 2*j, -42*f + 40*f - 17*j = -165253. What is the ten thousands digit of f?
8
Suppose -26*f + 432 = f. Let w = -218 - -144. Let s = f - w. What is the tens digit of s?
9
Suppose -15*g - 45*g + 22740 = -0*g. What is the tens digit of g?
7
Let r be (-8)/(-40) + 278/10. Suppose -2626 = r*o - 15058. What is the tens digit of o?
4
Suppose -344*q + 99*q = -8209705. What is the units digit of q?
9
Suppose 6*x + 100500 = 31*x. Suppose 300*q - 312*q = -x. What is the tens digit of q?
3
Suppose 11*d - 6 = 16. What is the units digit of ((-6226)/110)/(d/(-10))?
3
Let s be (12/9)/((-1)/(-3)). Suppose 8 + s = 2*f. Suppose m - 52 = -3*x, f*x - 284 = -5*m + 3*x. What is the tens digit of m?
5
Let b = 8782 + 22469. What is the tens digit of b?
5
Let o be (-263)/(-8) - 3/(-24). Suppose o = -3*d + 42. What is the tens digit of 3/(9/321) - d?
0
Let q = -35 - -40. Suppose 5*s - 2108 = -3*v, 4*s - 1584 = q*v + 132. What is the units digit of s?
4
Suppose 2*h - 1231 = 159. Suppose h - 255 = 4*c. What is the hundreds digit of c?
1
Let m(h) = -17*h - 10. Let g(z) = 4*z + 24. Let n be g(-8). Let f be m(n). Suppose -4*x = -746 + f. What is the units digit of x?
5
Let h = -11623 + 23924. What is the hundreds digit of h?
3
Let z(x) = 7*x**3 - 16*x**2 + 177*x + 40. What is the hundreds digit of z(9)?
4
Suppose -j - 2 = -2*h, 3*j = 5*h - 0*j - 6. Suppose h = q + 2*q - 21. Suppose -q*g - 465 + 1830 = 0. What is the hundreds digit of g?
1
Let c = -4258 - -8084. What is the thousands digit of c?
3
Let z(u) = 6*u - 30. Let p be z(6). Suppose -5*w - 6 = 4*h - 22, w = -4*h + 16. Suppose w = 2*f - p*f + 436. What is the hundreds digit of f?
1
Let v = -940 - -8445. What is the hundreds digit of v?
5
Let z(b) = 3*b**3 - 6*b**2 - 12*b + 17. Let i(x) = x**2 - 5*x - 30. Let r be i(9). What is the tens digit of z(r)?
7
Let i = -77 - -80. Suppose -3*o = 9, 4*b - 580 + 109 = -i*o. What is the hundreds digit of b?
1
Let i(n) = 497*n**3 - 12*n**2 - n - 31. What is the tens digit of i(4)?
8
Let z(l) = -298*l + 895. What is the tens digit of z(-20)?
5
Suppose -5*a = -2*o - 141, 5*o = -4*a - 198 - 171. Let d = 65 + o. What is the tens digit of (1 + (-60)/d)*(9 + 1)?
8
Let k(z) = 121*z - 1196. What is the tens digit of k(51)?
7
Let i be -2*((-820)/(-360) + (-4)/(-18)). What is the tens digit of i/(-3)*48 + (1 - 0)?
8
Let d(z) = z**2 - 17*z - 2. Suppose 78 = -c + 103. What is the tens digit of d(c)?
9
What is the tens digit of 21735 + 1 + (-12 - -11)?
3
Let i(f) = -4*f**3 - 16*f**2 - 94*f + 2. What is the tens digit of i(-13)?
0
Suppose -5*h - 628 + 9838 = 0. Suppose 3*l - 212 - 892 = b, -b = -5*l + h. What is the hundreds digit of l?
3
Let k be ((-32)/(-96) - 2/3)*-9. Suppose -k*q + h + 1031 = 0, 125 = q + h - 216. What is the units digit of q?
3
Suppose -y - 18034 = -5*z + 113590, 0 = -z + 5*y + 26344. What is the tens digit of z?
2
Let v(r) be the third derivative of -r**6/120 - 29*r**5/60 - r**4/8 + 21*r**3/2 + 20*r**2 + r. What is the tens digit of v(-29)?
5
Let g(b) = 348*b**2 - 799*b + 6374. What is the thousands digit of g(8)?
2
Suppose 2*y - 67*y = -36*y - 167997. What is the hundreds digit of y?
7
Let u(n) = 8*n - 51. Let g be u(7). Suppose -3*p + g*k + 1198 = 0, 3*p - k + 133 = 1335. What is the tens digit of p?
0
Suppose -4 = -2*o, 4*b + 4*o - 3474 = o. Suppose 3235 = 8*x + b. What is the units digit of x?
6
Let u(s) = 18*s**2 + 34*s - 36. What is the hundreds digit of u(23)?
2
Let j(r) = 3*r**2 + 14*r - 56. Let m be j(4). Let b = m - 14. What is the units digit of b?
4
Let m = 10709 + -4536. What is the thousands digit of m?
6
Let j(v) = v**2 + 15*v + 5. Let c be j(-15). Let x be 9 - c - (-4)/2. Suppose x*d = -3*d + 1170. What is the tens digit of d?
3
Let a be 1 - -3 - (2 + -26). Let f be 12/a + (-9)/21. Suppose f = 4*v + 148 - 472. What is the units digit of v?
1
Let c = 275 + -268. Suppose 0 = 25*p - c*p - 1278. What is the units digit of p?
1
Let d(k) = k**3 + 11*k**2 - 10*k. Let f be d(-11). Let c be ((-88)/f)/(1/(-25)*-1). Let l(m) = m**2 + 7*m - 36. What is the tens digit of l(c)?
2
Let h(m) = -54 - 47 + 9 - m**2 - 9*m + 4*m**2. What is the thousands digit of h(-19)?
1
Suppose -173*w = -152*w - 819. Suppose 9 = -3*k, -1078 = -n - 42*k + w*k. What is the tens digit of n?
8
Suppose 0 = -4*c + 4*s + 32, -4*c - 15*s + 17*s + 32 = 0. What is the hundreds digit of c*(-13)/((-117)/990)?
8
Let w be -1 + -1 + 1 - 4. Let p(i) = -6*i**3 - 6*i**2 + 8*i - 29. Let l(q) = -q**3 + q - 7. Let j(s) = 5*l(s) - p(s). What is the units digit of j(w)?
4
Suppose -7*z + 22440 = 4*z. What is the units digit of (z/(-32))/(6/(-16))?
0
Let h(c) = 13398*c**2 - 20*c + 23. What is the hundreds digit of h(1)?
4
Suppose 5*x - 3*y = -4*y - 274, -5*y = 20. Let m be ((-15)/(-10))/((-3)/x). Suppose u = -u - z + 11, -2*z = -3*u + m. What is the units digit of u?
7
Suppose 55*s - 1550475 = -31*s + 41*s. What is the units digit of s?
5
What is the thousands digit of (-14)/84 + 26354/12?
2
Let a = -556 + 3678. Suppose 0 = -2*z + 2*g + a, -3*z + 4*g = -2*z - 1564. What is the hundreds digit of z?
5
Let y = -21820 - -32229. Suppose 22*d - y = -2775. What is the units digit of d?
7
Let q(z) = -104*z**3 + 34*z + 69. What is the tens digit of q(-2)?
3
Suppose 0 = -2*q - 57*i + 59*i + 27940, 3*q - 41886 = -3*i. What is the tens digit of q?
6
Let h = 83 + -86. What is the units digit of (-5334)/(-9) + 0 + 2/h?
2
Suppose 15*d - 33887 = 20708 - 5980. What is the hundreds digit of d?
2
Suppose -326*o + 113689 = -303*o. What is the thousands digit of o?
4
Suppose 0 = 40*k - 38*k - 3*n - 27022, 67529 = 5*k - n. What is the hundreds digit of k?
5
Suppose -56*q + 41*q + 1125 = 0. Let t = 523 + q. What is the tens digit of t?
9
Let d = 5173 + 2294. What is the tens digit of d?
6
Suppose -176*d = -129*d - 994285. What is the thousands digit of d?
1
Let o = -97907 - -143602. What is the hundreds digit of o?
6
Let x = -2869 + 6229. Suppose 12*m - x - 480 = 0. What is the tens digit of m?
2
What is the tens digit of -7*(-1147*(-52)/(-56) - 12/(-24))?
5
Suppose 434*n = 425*n + 10089. What is the tens digit of n?
2
Suppose -2224 = -j - 3*j. Let h = -314 + j. What is the units digit of h?
2
Suppose -4*k + 18 = 2. Suppose -2*s + 0*s + k*x + 32 = 0, -3*s + x = -28. Suppose -197 = -s*n + 27. What is the units digit of n?
8
Suppose 5*j - 4064 = 3*j - l, -l = -5*j + 10139. What is the thousands digit of j?
2
Suppose 7*a = 17*a - 8480. Suppose 0 = -22*b + 5070 + a. What is the hundreds digit of b?
2
Let t(w) = 5*w + 6. Let p be t(-11). Let f = 87 + p. Let b = 45 - f. What is the units digit of b?
7
Let w be 6*-3*(-4)/24. Suppose -w*h = 9, 11*h - 9*h + 1916 = 5*v. What is the units digit of v?
2
Suppose 0 = 4*i - 2*z + 5*z - 9, 5*z + 20 = 5*i. Suppose 0 = 3*h + 5*g - g - 11, -2*h + 5*g + 38 = 0. Suppose -i*m + 4*m = h. What is the units digit of m?
9
Let k(j) = -4*j**2 - 4*j - 5. Let s(m) = -3*m**2 - 4*m - 6. Let d(g) = -4*k(g) + 5*s(g). Let z be d(7). Let n(l) = 3*l + 3. What is the tens digit of n(z)?
3
Suppose -30*s + 35*s - 210 = 0. Suppose 471 = l - 4*m, -l - 40*m + 481 = -s*m. What is the units digit of l?
1
Suppose -21467 - 4158 = -25*d. Let v = -24 + d. What is the hundreds digit of v?
0
Let b = -2 + 7. Suppose -6*w = -b*w - 4. Suppose w*v - 36 = 3*v. What is the tens digit of v?
3
Suppose -72 = -34*j + 22*j. What is the hundreds digit of 3/j*-1390*(-4)/20?
1
What is the units digit of (-1)/((-348588)/49798 - 240/(-30) - 1)?
9
Suppose -54864 = -4*h + x + 44519, -4*h = -2*x